
46
What is the remainder when 2841499 is divided by 7?
3
Calculate the remainder when 416888 is divided by 37892.
76
What is the remainder when 549481 is divided by 760?
1
What is the remainder when 50182485 is divided by 701?
699
Calculate the remainder when 1027051944 is divided by 3863.
3860
Calculate the remainder when 1014834 is divided by 3645.
1524
Calculate the remainder when 2611108 is divided by 1305280.
548
What is the remainder when 100974 is divided by 920?
694
Calculate the remainder when 53851 is divided by 24140.
5571
Calculate the remainder when 124679 is divided by 41422.
413
What is the remainder when 793533 is divided by 728?
13
What is the remainder when 63612449 is divided by 2343?
2342
What is the remainder when 1174678 is divided by 1174504?
174
What is the remainder when 233562011 is divided by 37?
29
Calculate the remainder when 2952700 is divided by 573.
31
Calculate the remainder when 1377115 is divided by 1605.
25
Calculate the remainder when 264796119 is divided by 376.
375
What is the remainder when 963014 is divided by 3403?
3368
What is the remainder when 2537148 is divided by 30568?
4
What is the remainder when 16632148 is divided by 8316060?
28
What is the remainder when 7049284 is divided by 1485?
1474
Calculate the remainder when 107683727 is divided by 767.
762
Calculate the remainder when 118548954 is divided by 2186.
2174
Calculate the remainder when 112520589 is divided by 1433.
1429
Calculate the remainder when 16111469 is divided by 377.
374
Calculate the remainder when 18672743 is divided by 104317.
0
What is the remainder when 642213 is divided by 40109?
469
What is the remainder when 312286 is divided by 51984?
382
What is the remainder when 812890 is divided by 2486?
2454
What is the remainder when 33690030 is divided by 351?
348
Calculate the remainder when 106038 is divided by 441.
198
What is the remainder when 304484 is divided by 100562?
2798
What is the remainder when 4480491 is divided by 1493?
1491
What is the remainder when 4451167 is divided by 272?
159
Calculate the remainder when 520110 is divided by 52009.
20
Calculate the remainder when 14698724 is divided by 14.
12
Calculate the remainder when 2572909 is divided by 3063.
3052
What is the remainder when 1191891 is divided by 50?
41
Calculate the remainder when 687117 is divided by 98158.
11
Calculate the remainder when 36934775 is divided by 9.
8
What is the remainder when 225086 is divided by 22508?
6
What is the remainder when 3999630 is divided by 9803?
6
Calculate the remainder when 359277 is divided by 1770.
1737
Calculate the remainder when 17038403 is divided by 3748.
3743
Calculate the remainder when 330094 is divided by 1110.
424
What is the remainder when 3600527 is divided by 5064?
23
Calculate the remainder when 26499 is divided by 13150.
199
What is the remainder when 188842 is divided by 374?
346
Calculate the remainder when 2418 is divided by 1439.
979
What is the remainder when 475841 is divided by 1653?
1430
What is the remainder when 1016924 is divided by 134?
132
What is the remainder when 4438814 is divided by 368?
366
Calculate the remainder when 2737537 is divided by 44.
33
Calculate the remainder when 8323809 is divided by 148.
141
What is the remainder when 1120878 is divided by 803?
693
What is the remainder when 7400498 is divided by 741?
131
What is the remainder when 31673 is divided by 664?
465
Calculate the remainder when 109485 is divided by 197.
150
Calculate the remainder when 1764830 is divided by 320.
30
What is the remainder when 34351721 is divided by 35?
26
Calculate the remainder when 116747 is divided by 1103.
932
Calculate the remainder when 411491 is divided by 1001.
80
Calculate the remainder when 1121957 is divided by 373647.
1016
Calculate the remainder when 148944787 is divided by 37236193.
15
What is the remainder when 4178065 is divided by 577?
8
Calculate the remainder when 74660404 is divided by 1455.
1444
Calculate the remainder when 443739 is divided by 221692.
355
What is the remainder when 173964 is divided by 54?
30
What is the remainder when 166567464 is divided by 57?
12
Calculate the remainder when 247788996 is divided by 7240.
7236
Calculate the remainder when 12020394 is divided by 4006759.
117
What is the remainder when 48474307 is divided by 514?
509
Calculate the remainder when 40896 is divided by 4806.
2448
What is the remainder when 6408666 is divided by 24?
18
Calculate the remainder when 112459 is divided by 4864.
587
Calculate the remainder when 5460748 is divided by 142.
138
What is the remainder when 21430 is divided by 653?
534
Calculate the remainder when 2283032 is divided by 97.
40
Calculate the remainder when 30339856 is divided by 10188.
10180
Calculate the remainder when 592777 is divided by 363.
361
What is the remainder when 247300 is divided by 226?
56
Calculate the remainder when 1487813 is divided by 297511.
258
What is the remainder when 123592817 is divided by 216?
209
What is the remainder when 6024501 is divided by 481?
457
What is the remainder when 1218692 is divided by 45?
2
What is the remainder when 21837583 is divided by 777?
775
Calculate the remainder when 146653 is divided by 4401.
1420
Calculate the remainder when 15013844 is divided by 7506913.
18
What is the remainder when 51036 is divided by 3158?
508
Calculate the remainder when 153872 is divided by 13110.
9662
What is the remainder when 2095802 is divided by 573?
341
Calculate the remainder when 813977 is divided by 2522.
1893
Calculate the remainder when 81162 is divided by 26150.
2712
What is the remainder when 812570 is divided by 10986?
10592
What is the remainder when 3393925 is divided by 199642?
11
Calculate the remainder when 103128 is divided by 2521.
2288
Calculate the remainder when 756090705 is divided by 3706.
3703
What is the remainder when 16373561 is divided by 1819279?
50
What is the remainder when 433628772 is divided by 477?
474
What is the remainder when 5943682 is divided by 30?
22
What is the remainder when 1359703045 is divided by 116?
113
Calculate the remainder when 2837886 is divided by 1011.
9
What is the remainder when 35334 is divided by 1820?
754
What is the remainder when 19655579 is divided by 631?
560
Calculate the remainder when 132734325 is divided by 5323.
5320
Calculate the remainder when 3148539 is divided by 2252.
243
What is the remainder when 274131 is divided by 1346?
893
Calculate the remainder when 22150068 is divided by 362.
12
Calculate the remainder when 8670498 is divided by 3970.
18
Calculate the remainder when 548094 is divided by 28846.
20
Calculate the remainder when 12925798 is divided by 180.
178
What is the remainder when 20945673 is divided by 18?
9
Calculate the remainder when 18622 is divided by 4615.
162
Calculate the remainder when 153470 is divided by 3336.
14
What is the remainder when 53785940 is divided by 151?
42
What is the remainder when 1308615 is divided by 727?
15
What is the remainder when 649225 is divided by 537?
529
What is the remainder when 12826792 is divided by 6646?
12
What is the remainder when 21992733 is divided by 382?
229
Calculate the remainder when 231328 is divided by 115591.
146
Calculate the remainder when 7723721 is divided by 97.
96
Calculate the remainder when 2299978 is divided by 669.
625
What is the remainder when 17791911 is divided by 59?
48
Calculate the remainder when 2574620 is divided by 67753.
6
Calculate the remainder when 3777753 is divided by 3777733.
20
Calculate the remainder when 1324440 is divided by 11224.
8
Calculate the remainder when 1645913 is divided by 121.
71
Calculate the remainder when 34333 is divided by 32132.
2201
What is the remainder when 2182883 is divided by 215?
203
Calculate the remainder when 8881621 is divided by 5.
1
Calculate the remainder when 1608577 is divided by 1877.
1865
Calculate the remainder when 52438 is divided by 3566.
2514
What is the remainder when 181758 is divided by 59638?
2844
Calculate the remainder when 577685 is divided by 4870.
3025
What is the remainder when 1853858 is divided by 1038?
1028
Calculate the remainder when 1032064 is divided by 258001.
60
What is the remainder when 28755 is divided by 1806?
1665
Calculate the rema